01201 (base 8) to base 12
32369
Convert -124318 (base 10) to base 8.
-362636
Convert -3571250 (base 8) to base 7.
-11220022
Convert 178864 (base 11) to base 15.
56834
Convert -527a904 (base 11) to base 10.
-9296797
3036101 (base 7) to base 16
58712
What is -3535130 (base 6) in base 8?
-547076
Convert 17a7c4b (base 13) to base 8.
35367454
What is -430386 (base 9) in base 10?
-256200
535588 (base 9) to base 8
1157122
1226402 (base 7) to base 2
100110101001110001
Convert -15631235 (base 8) to base 15.
-4b6c77
What is -3416b84 (base 12) in base 9?
-20710271
-1455031513 (base 6) to base 7
-312452505
1313002012 (base 4) to base 14
c9978
What is -aec03 (base 15) in base 8?
-2076253
Convert 411589 (base 13) to base 11.
94672a
-12400013 (base 6) to base 8
-1425611
-45263524 (base 7) to base 4
-32333321101
Convert 13011734 (base 8) to base 4.
23001033130
What is 769278 (base 10) in base 7?
6352536
What is 21639 (base 11) in base 4?
13222111
What is 310003223 (base 4) in base 10?
213227
219a9 (base 16) to base 2
100001100110101001
Convert 10432423 (base 5) to base 10.
92863
Convert 3fff (base 16) to base 8.
37777
-21213432 (base 6) to base 13
-18b156
What is 12114404201 (base 5) in base 2?
110110001110101111110000
4fe013 (base 16) to base 8
23760023
What is 2218736 (base 11) in base 6?
215223423
Convert -22342563 (base 7) to base 4.
-13122131121
What is 37a78 (base 11) in base 15?
1125a
13200133103 (base 4) to base 13
53ba60
What is -3b8b0 (base 14) in base 15?
-2d904
What is -2023302112 (base 4) in base 16?
-8bc96
-2130442 (base 5) to base 2
-1000111000010100
Convert 20202222211120 (base 3) to base 13.
9915ab
-114493 (base 12) to base 11
-17a270
Convert 14100155 (base 7) to base 9.
2417355
What is 4845775 (base 10) in base 4?
102133003033
What is 213021105 (base 6) in base 12?
1324795
What is -1001001000010011111100 (base 2) in base 5?
-1103041330
11033353 (base 6) to base 4
1100320011
Convert -122210011121 (base 3) to base 8.
-1253534
What is 754324 (base 12) in base 14?
363364
-6459c (base 14) to base 2
-111011001110011110
What is 21103444 (base 5) in base 15?
36eee
Convert 136514 (base 9) to base 5.
10133044
1001101111101001101 (base 2) to base 5
40204214
24a57 (base 14) to base 4
111323311
2337662 (base 8) to base 6
21405510
What is 11212230031 (base 4) in base 14?
2a35c9
Convert -929003 (base 10) to base 5.
-214212003
-bb07b0 (base 12) to base 5
-1224411023
Convert 4c062 (base 14) to base 11.
118288
Convert -363349 (base 10) to base 16.
-58b55
Convert -111122321 (base 5) to base 3.
-220211220022
Convert 2d85b6 (base 16) to base 3.
12121120101110
What is -3211423 (base 5) in base 14?
-15964
-100122011200 (base 3) to base 6
-4022030
What is -72233 (base 15) in base 16?
-58497
What is 254651 (base 7) in base 2?
1011100011011001
-242221 (base 5) to base 16
-2365
Convert -153110 (base 9) to base 13.
-33acb
What is 5754916 (base 10) in base 6?
323203044
10010333004 (base 5) to base 3
200112201001001
What is -9766 (base 11) in base 15?
-3c4d
-35016330 (base 7) to base 11
-1802721
What is 21277 (base 8) in base 5?
241040
Convert 68282 (base 11) to base 3.
12000120020
Convert 1221120021120 (base 3) to base 12.
41a913
23202112 (base 4) to base 3
2101211011
Convert -106650 (base 13) to base 3.
-201120212210
What is ae1 (base 15) in base 10?
2461
-a9723 (base 11) to base 15
-322c6
What is -133154361 (base 7) in base 13?
-1a29c6b
-111010111011 (base 2) to base 3
-12011200
What is -203123323 (base 4) in base 16?
-236fb
Convert a9c21 (base 14) to base 3.
202220010000
What is -101211211021 (base 3) in base 10?
-213469
Convert 312087 (base 10) to base 15.
6270c
What is -584a00 (base 16) in base 15?
-79460c
What is 72c92 (base 16) in base 10?
470162
What is -1410300 (base 6) in base 14?
-20bc8
What is 2103427 (base 8) in base 4?
2020130113
2020100010100 (base 3) to base 8
4417457
-202110211200 (base 3) to base 14
-a6c32
-4d948 (base 16) to base 10
-317768
-21098 (base 15) to base 8
-314500
What is -1625063 (base 7) in base 3?
-102102201022
Convert 21022112201002 (base 3) to base 2.
1110110101010010010000
Convert -1757927 (base 10) to base 6.
-101402315
-32422211 (base 5) to base 8
-1042201
-1772372 (base 10) to base 12
-715818
What is -15313615 (base 7) in base 9?
-2673807
11633213 (base 7) to base 4
10000130012
Convert 8a937 (base 12) to base 4.
231002323
What is -144041 (base 12) in base 4?
-1102230301
What is 122b75 (base 12) in base 9?
500228
350388 (base 12) to base 16
cfb18
Convert -10300424033 (base 5) to base 8.
-51616130
Convert -604307 (base 11) to base 8.
-3552340
What is -11010001110010000111 (base 2) in base 12?
-35531b
What is 25339 (base 11) in base 15?
ab7c
What is -56538 (base 13) in base 8?
-462317
103abf (base 16) to base 10
1063615
-2bae5 (base 16) to base 14
-492bb
Convert 11c16c1 (base 14) to base 8.
40430731
What is -601656 (base 7) in base 4?
-120302100
Convert 51711 (base 10) to base 15.
104c6
What is 3a704 (base 15) in base 3?
100111210111
What is -2a3724 (base 14) in base 5?
-334010234
What is 4382463 (base 9) in base 14?
4550a2
8870 (base 16) to base 12
18268
Convert 10232001120 (base 4) to base 8.
4560130
What is 100623626 (base 7) in base 4?
112121202230
c59a21 (base 13) to base 11
2675a29
Convert -442a41 (base 12) to base 4.
-10020131101
207784 (base 11) to base 13
b8380
6542510 (base 7) to base 6
25053515
What is -1000011120100 (base 3) in base 4?
-2002203303
What is -21012221222211 (base 3) in base 6?
-214125551
What is -40341043 (base 5) in base 10?
-324523
-10001000101101100100011 (base 2) to base 3
-22102121002202
Convert 116b066 (base 12) to base 2.
1100111000110010001110
Convert 31070 (base 14) to base 5.
12234330
-881843 (base 10) to base 13
-24b501
Convert -2c8f06 (base 16) to base 5.
-1221421243
Convert 2397d (base 14) to base 4.
111032123
Convert -2011210122 (base 3) to base 10.
-42866
What is -1531502 (base 7) in base 13?
-74468
Convert 1024242 (base 8) to base 15.
55b4b
What is a58434 (base 12) in base 14?
4bbc24
Convert -7c286 (base 14) to base 4.
-1021310032
Convert 858bb (base 16) to base 12.
224677
22212110 (base 3) to base 12
38a9
What is 152605 (base 13) in base 11?
325353
2325124 (base 6) to base 10
120364
-a19bb (base 12) to base 15
-425a2
-683ca5 (base 13) to base 3
-11122020100022
Convert 11001010010110011 (base 2) to base 8.
312263
Convert -584997 (base 10) to base 5.
-122204442
-1265080 (base 9) to base 13
-1b3348
-141476 (base 11) to base 7
-1611545
What is 2040642 (base 7) in base 15?
4c9d6
-1222546 (base 8) to base 16
-52566
Convert -1ab9 (base 16) to base 5.
-204331
Convert 10203571 (base 8) to base 5.
1023231401
Convert -4214550 (base 8) to base 3.
-2002221012022
What is -72651 (base 12) in base 2?
-100100100000011101
-410031012 (base 5) to base 16
-191088
-482512 (base 11) to base 5
-143431422
-2ba628 (base 13) to base 6
-35050543
Convert -52232351 (base 7) to base 12.
-157b28b
-2033032332 (base 4) to base 13
-177069
What is 1f25bc (base 16) in base 4?
13302112330
What is -1323120 (base 7) in base 12?
-84810
What is -1011302113 (base 4) in base 5?
-33121342
Convert -a180 (base 13) to base 4.
-11123203
2333bc (base 13) to base 15
117867
What is -7c745 (base 15) in base 5?
-100142030
133137 (base 15) to base 14
19dc44
What is 100000111000110001011111 (base 2) in base 14?
1205b67
Convert a26a77 (base 11) to base 16.
1929b0
-203431434 (base 5) to base 7
-10106660
What is 1ab65c (base 14) in base 3?
1210102212002
Convert 396176 (base 10) to base 2.
1100000101110010000
What is -21019b (base 14) in base 12?
-458aa5
What is -4202303 (base 5) in base 9?
-114673
-2b477 (base 16) to base 7
-1335553
Convert -211011120000111 (base 3) to base 8.
-54742406
What is -103140442 (base 5) in base 3?
-211112000120
What is 5aa23 (base 13) in base 14?
44966
-619a5 (base 14) to base 6
-5012353
Convert 11122110311 (base 4) to base 16.
15a535
Convert -11110101001100 (base 2) to base 12.
-90b8
What is 34424 (base 11) in base 6?
1022205
Convert -84e2 (base 15) to base 8.
-66720
-11000110010101000110001 (base 2) to base 7
-106145062
What is -1214131303 (base 5) in base 12?
-b6a94b
Convert -10541612 (base 7) to base 3.
-1201122000122
Convert -211020122132 (base 4) to base 13.
-202a651
What is 14553224 (base 7) in base 5?
32401024